 the units digit of z?
5
Suppose -f - 11 = -j + 10, 2*j = f + 37. What is the tens digit of j?
1
Let x(m) be the first derivative of -m**4/4 + 4*m**3/3 - 4*m + 4. Let s be x(3). Suppose 5*z + 16 = -n + 2*n, -2*n - s*z = -32. What is the tens digit of n?
1
What is the units digit of 2 - (6 + -3) - -42?
1
Let q(b) = b**2 - 3*b. What is the units digit of q(5)?
0
Suppose 4*i + 3*k = 40, 3*k - k = i - 10. What is the units digit of 128/i + (-6)/(-30)?
3
Suppose r = 3*h - 397, 4*r - r + 405 = 3*h. What is the tens digit of h?
3
Let x(m) = -m**2 + 5*m - 3. Let f be x(3). Let w(v) = -4*v + 25. Let z be w(4). Suppose -f*y = -z - 21. What is the tens digit of y?
1
Let l(p) = p**2 + 6*p + 3. Let m be l(-7). Suppose -m = -h - 1. Suppose -h = k - 5*a, -5*k - 2*a + a = -59. What is the units digit of k?
1
Suppose 2*d - 3 = d. Let m = d + 2. Suppose 0 = -5*y - c - 4*c + 50, 4*c = -m*y + 49. What is the units digit of y?
9
Let p = 64 - 118. Let y(s) = -s. Let u be y(4). What is the tens digit of p/u + (-1)/(-2)?
1
Let o(i) = -3*i - 3. Let h be o(-2). Suppose 0 = 2*a - 5*f - 8, -2 = h*a + 4*f - 37. What is the units digit of a?
9
Suppose -u + 33 = 3*n, 3*n = -3*u + 44 - 5. What is the tens digit of n?
1
Suppose -w - 6*b = -2*b - 39, b = -5*w + 271. What is the units digit of w?
5
Let g = 143 - 100. What is the units digit of g?
3
Let r(l) = 3*l**2 + 2*l + 1. Let m be r(-1). Suppose m*w - 95 = -3*g, 2*g = 7*g + 3*w - 158. What is the units digit of g?
1
Suppose 237 = 3*w + 87. Suppose w = 3*y - 2*t + 3*t, 3 = -3*t. What is the units digit of y?
7
Let w be 12/(-4) - (-2)/2. What is the units digit of 1*((w - -4) + 20)?
2
Let k(j) = 2*j + 2*j - 2*j - 7. Let z be k(5). Suppose 4*v + 3*l - 8*l = 42, -z*v + 32 = -4*l. What is the units digit of v?
8
Suppose 0 = -4*v + 3*h + 97, -v + 4*h + 2 = -32. Let y(p) = p**2 - 13*p + 15. Let i be y(11). Let g = v + i. What is the units digit of g?
5
Suppose 14 = 5*b + 4. Let a(n) = -2*n. Let f be a(-5). Suppose -5*u - f = -3*s, -7 = -b*s + 3. What is the units digit of u?
1
Let n(c) = c**2 + 7*c + 9. Let j be n(-6). Suppose 4*r + j*o - 24 = 0, -r - 3*o + o + 11 = 0. What is the units digit of r?
3
Let h(a) = 70*a + 4. What is the units digit of h(2)?
4
Suppose -2*i - 33 + 109 = 0. What is the units digit of i?
8
Let x(r) = 15*r - 12. Let c(n) = -14*n + 12. Let w(i) = -5*c(i) - 4*x(i). Let u be w(8). Suppose 0 = 2*p + 8, -z + 2*p + u = 4*z. What is the units digit of z?
2
Let q(l) = 4*l + 6*l**2 - 5*l**2 + 1 - 2. Let h be (-2)/((-1)/(-3)*1). What is the tens digit of q(h)?
1
What is the tens digit of ((-20)/8)/(-5)*142?
7
Let u = -7 - -9. Suppose u*v - 3*v - c = -5, 0 = v + 5*c - 25. Suppose v*g + g = 19. What is the units digit of g?
9
Let z be -2 - (-6)/2 - 1. Let a = z + 3. What is the units digit of a?
3
Let u = 24 - 21. Let y = 14 - u. What is the tens digit of y?
1
Let v(f) = -f**3 - 3*f**2 + 4. Suppose 5 = -4*k - 7. What is the units digit of v(k)?
4
Suppose 0*t + 3*t = 330. What is the hundreds digit of t?
1
Let m = 134 - 51. What is the tens digit of m?
8
Suppose -5*t + 8 = -3*o - 12, 0 = -t - 5*o + 4. Let k(n) = n**3 - 4*n**2 + 4*n - 5. What is the units digit of k(t)?
1
Let s(k) = k**3 + 3*k**2 - 5*k + 5. Let l = -13 + 8. Let x be s(l). Let h = x + 34. What is the tens digit of h?
1
Let u be (-1 + 2)/((-2)/4). Let l(k) = k + 3. What is the units digit of l(u)?
1
Suppose 0 = s - 2*s + 6. Let q(g) = 2*g - 8. Let j be q(s). Suppose f - j = -3*f. What is the units digit of f?
1
Suppose 0 = 5*i - 3*p - 46, 4*p = 2*i - 26 + 2. Suppose 0 = 4*x + i, -2*x = -5*t + 3*x + 90. What is the tens digit of t?
1
Let z = -7 + 3. What is the tens digit of (-15)/z*(2 + 2)?
1
Suppose -23 = -2*v - 2*t - 3*t, v + 4*t = 16. Suppose 4*r = 3*a - 84, r - v*a - a = -21. Let h = 30 + r. What is the units digit of h?
9
Let b = -1 - -6. What is the units digit of b/(-35) + 30/14?
2
Let d(p) = p**2 + 6*p - 7. Let m be d(-5). Let y be ((-1)/(-2))/(2/76). Let v = m + y. What is the units digit of v?
7
Suppose 4*h - h = 3*w + 9, 4*w + 7 = -h. Let t(x) = -x**2 - 3*x - 2. Let k be t(w). Suppose o - 4*o + 21 = k. What is the units digit of o?
7
Let i be (1/3)/(2/132). Suppose 0 = -2*l + i + 6. What is the tens digit of l?
1
Let q(d) = -d**2 + 18*d + 15. What is the tens digit of q(15)?
6
Let u = -107 - -157. What is the units digit of u?
0
Suppose 2*y + 5*g = 16, -3*y = -g - 5 - 2. Let z be ((-6)/1)/y + -16. What is the units digit of (-1)/2*z/3?
3
Suppose a = -3, b = 2*b - a - 17. What is the units digit of b?
4
Suppose -r = -2*t + 15, -t - 3*r - 5 = -3*t. What is the units digit of (45/t)/((-3)/(-4))?
6
Let o(i) = 23*i**2 + 2*i - 1. Let f be o(1). Let u = f + 8. What is the tens digit of u?
3
Let k = 1 + -1. Suppose k*j - j = d - 5, 0 = 3*d + 2*j - 17. What is the units digit of d?
7
Let z = -11 - -31. What is the units digit of z?
0
Let h = -285 - -452. What is the tens digit of h?
6
Suppose -6*o = -o - 2*a - 286, 71 = o - 5*a. Suppose -4*b + 0*b = -o. What is the units digit of b?
4
Let y be 9/(-6)*8/6. Suppose 4*w - 61 = 11. What is the units digit of (9/(-6) - y)*w?
9
Suppose -t = -339 - 63. What is the tens digit of t?
0
Let b(v) = v**3 + 13*v**2 + 12*v + 3. Let j be b(-11). Suppose f = 3*w - j, -5*f - 61 = -4*w + 108. What is the tens digit of w?
3
Let p(z) = z**3 + 5*z**2 + z - 3. Let q be p(-3). Suppose 2*h - q = -4*d - 2*h, 5*h = -3*d - 1. What is the units digit of d?
8
Let b(g) = 10*g + 9. What is the units digit of b(5)?
9
Let d(n) = n**2 - 2. Suppose -5*t + 0*u = 2*u - 44, u = -2*t + 18. Let s be d(t). Suppose 4*g + 27 = 5*p - s, 4*p = -2*g + 92. What is the tens digit of p?
2
Suppose 5*z - 2*m - 529 = 0, -m = -4*z + 2*m + 426. What is the hundreds digit of z?
1
Let p = 91 + -19. What is the units digit of p?
2
Let x = 1 - -2. Suppose -2*b - 8*h + 4*h - 14 = 0, x*h = -b - 12. What is the units digit of b?
3
Suppose -5*k + 8 = -3*k. Suppose 0 = k*z - 12, 4*p - z + 2*z - 31 = 0. What is the units digit of p?
7
Let a be 12 - 0/(9/(-3)). Suppose -4*d + 2*u + a = 0, u = 3*d - 0*u - 7. Suppose 0 = -2*n + 5 - d. What is the units digit of n?
2
Suppose -3*f + 10 = -59. What is the tens digit of f?
2
Let v be 1 + 93 + 2 + -4. Suppose 0 = -5*n - 4*z + 230, 3*z + 0*z + v = 2*n. What is the tens digit of n?
4
Suppose 550 - 95 = 7*t. What is the units digit of t?
5
Let h = 98 - -9. What is the tens digit of h?
0
Let n = 3 - 0. Let l be (10/(-1))/((-4)/8). Suppose 0 = -n*i - i + l. What is the units digit of i?
5
Let b = -124 - -290. What is the units digit of b?
6
Let j(k) = 2*k**2 + 7*k + 3. Let a be j(-6). Let z = a + -14. Suppose 4*n - 24 = -5*s, -2*s + z = 3*n + 2*s. What is the units digit of n?
1
Suppose 2*m - 2*l = 16, -m - m - 2*l = -32. Let s(y) = -y + 14. What is the units digit of s(m)?
2
Let a(z) = -z**3 - z**2 + z + 36. What is the tens digit of a(0)?
3
Let w(j) = -j**2 - 13*j + 17. Let r be w(-14). Suppose -5*k = -5*a - 225, 4*k + r*a = 2*k + 75. What is the tens digit of k?
4
Suppose 23 = 4*n - 3*v, 0 = 4*n - 8*n - 3*v + 41. Suppose 3*o + o = 2*l - 50, 2*o = -n. What is the tens digit of l?
1
Suppose -7 = 4*d - 187. Let z(g) = 3*g - 16. Let f be z(7). Suppose -f*r = -0*r - d. What is the units digit of r?
9
Let a = 5 + 0. Let y be (-1)/(-6) - 212/(-24). Suppose -6 = -a*o + y. What is the units digit of o?
3
Let r(f) = -f**3 + 6*f**2 - 5*f + 2. Let n be r(5). Let b = -12 + 17. Let x = b - n. What is the units digit of x?
3
Suppose -11*i + 1697 - 289 = 0. What is the tens digit of i?
2
Suppose 11*i - 9*i - 18 = 0. Suppose 0*o = o - 15. What is the units digit of 5/(o/i) + 11?
4
Let m be 0/(3/(-6)*-4). Suppose m = -2*w - 3 - 1. What is the units digit of (w + 2 + 8)*1?
8
Let o = -79 + 162. What is the tens digit of o?
8
Let a(g) = 90*g. What is the tens digit of a(1)?
9
Let y = 122 - 86. What is the tens digit of y?
3
Suppose -2*a - 3*a = -140. Let v = 41 - a. What is the tens digit of v?
1
Suppose 3*n = -20 + 5. Let t(q) = -q**2 - 4*q + 7. Let i be t(n). What is the units digit of i*(5 + (1 - 1))?
0
Let a(i) = 2*i + 56. What is the units digit of a(0)?
6
Suppose -2*r + 38 = 3*l, -l - 3*l - 3*r = -50. What is the units digit of (-4)/l - (-18)/14?
1
Suppose -k - 39 = 5*z, 0 = -5*z + z - 3*k - 40. Let y(i) = -2 - 7 - 3*i + 0. What is the